. What is h(-12)?
0
Let m(l) = l**3 - l**2 - 41*l - 21. Calculate m(8).
99
Let b(o) = o**3 + 132*o**2 - 3388*o + 3. What is b(-154)?
3
Let h(g) = g**3 - 57*g**2 - 294*g - 1000. Calculate h(62).
-8
Let n(k) = 112*k + 346. Determine n(-3).
10
Let x(b) = -275*b - 42912. Determine x(-156).
-12
Let r(p) = -14*p**2 - 1544*p - 1953. Calculate r(-109).
9
Let l(t) = -t**3 + 12*t**2 - 25*t + 39. Give l(6).
105
Let b(x) = -12*x + 223. What is b(27)?
-101
Let q(l) = 10*l**2 - 219*l + 148. What is q(20)?
-232
Let u(z) = 33*z - 506. What is u(15)?
-11
Let b(n) = n**2 + 385*n - 3539. Give b(9).
7
Let q(o) = -659*o - 5897. Determine q(-9).
34
Let j(c) = 18*c**2 + 1634*c - 1633. Give j(1).
19
Let s(g) = -14*g**2 - 26*g - 8. Give s(-1).
4
Let v(f) = 7*f**2 + 92*f + 52. What is v(-12)?
-44
Let m(r) = -5*r**2 + 75*r - 242. What is m(10)?
8
Let h(z) = -z**3 + 19*z - 48. Calculate h(-6).
54
Let p(g) = 66*g + 159. Give p(-8).
-369
Let b(o) = -o**3 - 14*o**2 - 5*o + 120. Give b(-13).
16
Let j(y) = -168*y**2 + 327*y - 326. What is j(1)?
-167
Let w(v) = 112*v**2 - 13*v + 20. Determine w(2).
442
Let r(p) = p**3 + 9*p**2 - 9*p - 142. Calculate r(-6).
20
Let i(z) = 34*z + 949. What is i(-28)?
-3
Let o(u) = -28*u**3 + 302*u**2 + 68*u - 24. Give o(11).
-2
Let n(k) = -k - 141. Determine n(-41).
-100
Let z(p) = -4*p**2 + 357*p - 765. Give z(87).
18
Let t(o) = -o**3 + 11*o**2 - 274*o + 2288. Calculate t(9).
-16
Let b(z) = -z - 33. What is b(0)?
-33
Let r(p) = 2*p**2 - 31*p + 69. Determine r(6).
-45
Let k(u) = u**2 - 13*u - 1151. What is k(41)?
-3
Let p(x) = -15*x**2 - 6*x - 43. Give p(-4).
-259
Let o(s) = s**3 + 45*s**2 + 84*s - 53. Determine o(-43).
33
Let z(x) = x**3 - 9*x**2 - 6*x + 91. Give z(5).
-39
Let z(a) = -55*a + 882. What is z(16)?
2
Let j(y) = 66*y**2 + 536*y + 77. Give j(-8).
13
Let f(z) = z**3 - 23*z**2 - 249*z + 5400. What is f(24)?
0
Let m(r) = 27*r**2 + 3*r + 1. Give m(1).
31
Let r(m) = 3*m**3 + 2*m**2 - 13*m + 113. Give r(6).
755
Let z(w) = 373*w - 2568. Determine z(7).
43
Let q(b) = -1919*b + 2. What is q(0)?
2
Let a(d) = -d**3 + 39*d**2 - 380*d + 8. Calculate a(19).
8
Let u(d) = 10*d**2 + 10*d - 21. What is u(3)?
99
Let s(r) = -r**2 + 35*r - 310. Give s(17).
-4
Let v(g) = 3*g**3 + 31*g**2 + 8*g - 21. What is v(-10)?
-1
Let n(h) = 8*h**2 - 147*h - 83. Give n(19).
12
Let c(y) = 112*y + 39. Determine c(-2).
-185
Let s(l) = -l**3 - 2701*l**2 - 24232*l - 37. Determine s(-9).
-1
Let m(p) = -328*p + 94795. Give m(289).
3
Let d(a) = -4770*a + 9547. What is d(2)?
7
Let b(m) = m**3 - 69*m**2 - 139*m - 222. Give b(71).
-9
Let z(i) = 9*i**2 - 626*i + 335. Calculate z(69).
-10
Let d(l) = 2*l**2 + 64*l - 138. Give d(2).
-2
Let d(q) = -q**3 - 19*q**2 - 70*q + 30. Calculate d(-14).
30
Let w(f) = 164*f - 3947. Calculate w(24).
-11
Let k(t) = -10252*t + 51255. Give k(5).
-5
Let v(m) = -434*m + 1289. What is v(3)?
-13
Let n(y) = -436*y - 5202. Calculate n(-12).
30
Let d(h) = -h**3 + 7*h**2 - 22*h - 13. What is d(5)?
-73
Let s(u) = -u**3 + 24*u**2 - 22*u - 28. Determine s(23).
-5
Let h(i) = 32*i - 529. Give h(17).
15
Let i(d) = d**3 + 6*d**2 + 37*d + 154. What is i(-5)?
-6
Let g(j) = 10*j**2 + 169*j + 585. Determine g(-5).
-10
Let z(v) = -v**2 + 83*v - 733. What is z(73)?
-3
Let n(i) = -44*i**2 - 111*i + 60. Calculate n(-3).
-3
Let g(a) = a**3 + 4*a**2 + 7*a + 18. Give g(-5).
-42
Let k(s) = s**3 + 14*s**2 + 4*s + 94. What is k(-12)?
334
Let g(f) = -8*f**3 + 216*f**2 - f + 32. What is g(27)?
5
Let q(y) = -208*y - 5617. Determine q(-27).
-1
Let s(b) = -195*b + 6193. Give s(32).
-47
Let j(b) = -b**3 + 2*b**2 + 14*b + 7. Give j(-3).
10
Let i(w) = 5*w**2 + 1374*w + 1373. Give i(-1).
4
Let q(b) = 3*b**3 + 15*b**2 - 106*b + 38. Determine q(-9).
20
Let w(r) = -r**2 - 219*r - 854. What is w(-4)?
6
Let i(s) = -127*s + 36. Give i(0).
36
Let a(t) = 10*t - 323. Give a(36).
37
Let h(r) = -r**3 - 12*r**2 + 70*r + 573. Calculate h(-14).
-15
Let g(c) = -69*c - 883. Calculate g(-13).
14
Let v(r) = -2*r**3 - 4*r**2 + 2*r + 4. Give v(-5).
144
Let y(g) = 23*g + 1656. Calculate y(-72).
0
Let j(a) = 1554*a + 127424. Determine j(-82).
-4
Let i(m) = -5*m**2 + 23*m + 89. What is i(-3)?
-25
Let z(d) = -7*d + 399. What is z(43)?
98
Let j(s) = s**3 - 11*s**2 - 35*s - 77. Determine j(12).
-353
Let y(x) = -66*x + 5676. What is y(88)?
-132
Let m(n) = 4*n**3 + 84*n**2 + 71*n - 166. Calculate m(-20).
14
Let c(v) = -175*v**3 - 5*v**2 - 6*v - 2. Determine c(-1).
174
Let i(j) = -78*j**2 - 136*j + 6. Give i(-3).
-288
Let x(c) = -c**2 - 64*c - 450. Determine x(-33).
573
Let o(l) = 77*l. What is o(1)?
77
Let d(v) = -28*v - 451. Give d(-15).
-31
Let h(n) = -n**2 + 9*n - 8. Determine h(8).
0
Let a(c) = c**3 - 13*c**2 + 17*c - 11. Calculate a(11).
-66
Let m(j) = 2*j - 238. Determine m(-5).
-248
Let l(b) = 167*b - 2007. Give l(12).
-3
Let q(m) = -m**2 + 36*m - 406. Give q(16).
-86
Let q(g) = -2*g**3 - 30*g**2 - 6*g - 211. Calculate q(-15).
-121
Let y(w) = 3*w**3 + 50*w**2 - 116*w + 306. Determine y(-19).
-17
Let r(v) = 14*v - 376. Give r(26).
-12
Let x(v) = 25*v + 117. What is x(-4)?
17
Let k(l) = 14*l - 25. Determine k(3).
17
Let m(n) = -6*n**2 + 513*n - 723. What is m(84)?
33
Let i(v) = v**3 + 14*v**2 - 14*v - 46. Calculate i(-15).
-61
Let a(x) = -2*x**2 + 132*x + 1742. Determine a(-11).
48
Let w(f) = 4*f**2 + 4*f + 45. Calculate w(-4).
93
Let f(w) = -2*w**3 - 3*w**2 + 11*w - 9. Give f(1).
-3
Let s(b) = b**3 - 14*b**2 + 44*b - 223. Determine s(12).
17
Let b(v) = -v**3 + 7*v**2 - 17*v + 31. Calculate b(5).
-4
Let u(m) = -m**2 + 41*m + 786. Give u(-16).
-126
Let o(t) = -33*t**3 + 13*t + 12. Calculate o(-1).
32
Let o(z) = -2*z**3 - 85*z**2 - 49*z - 58. Calculate o(-42).
236
Let s(g) = -2*g**2 - 282*g + 1162. Calculate s(4).
2
Let s(b) = -b**2 + 50*b - 602. Give s(20).
-2
Let r(d) = -11*d + 23. Determine r(-6).
89
Let z(v) = -47*v - 434. Calculate z(-8).
-58
Let s(c) = -c**2 + 79*c + 4448. Determine s(-38).
2
Let t(g) = g**3 + 3*g**2 - 55*g + 86. Calculate t(5).
11
Let p(l) = 193*l - 3292. Calculate p(17).
-11
Let f(d) = -32*d - 4805. What is f(-150)?
-5
Let o(g) = -9*g**2 + 52*g - 66. Give o(2).
2
Let c(g) = -2*g**2 - 20744*g - 82950. What is c(-4)?
-6
Let r(u) = -3*u**2 - 91*u + 530. Determine r(5).
0
Let r(k) = -61*k**2 - 481*k - 1. What is r(-8)?
-57
Let y(h) = 61*h - 288. What is y(4)?
-44
Let s(m) = -m**2 + 64*m + 12212. Give s(-83).
11
Let t(m) = -19*m**2 - m. Give t(2).
-78
Let h(g) = 1983*g + 13872. Determine h(-7).
-9
Let l(w) = -119*w - 1541. Calculate l(-13).
6
Let b(d) = -d**2 - 6*d + 43. Calculate b(-12).
-29
Let b(j) = -1813*j - 16310. Calculate b(-9).
7
Let h(p) = p**2 + 107*p - 3004. Calculate h(-130).
-14
Let m(c) = -c**3 + 39*c**2 - 75*c + 57. Calculate m(37).
20
Let t(w) = 25*w**3 + 16*w**2 + 15*w - 3. What is t(-1)?
-27
Let h(l) = 5*l + 278. Give h(-12).
218
Let y(s) = s**2 - 120*s + 2969. What is y(85)?
-6
Let b(a) = a**3 - 24*a**2 - 56*a + 41. Calculate b(26).
-63
Let z(h) = 5*h**2 + 63*h - 76. Determine z(-13).
-50
Let y(r) = 7*r - 1. Determine y(7).
48
Let i(f) = 7*f + 115. What is i(-7)?
66
Let f(g) = -g**3 + 25*g**2 + g - 8. Determine f(25).
17
Let k(z) = 345*z - 3068. Give k(10).
382
Let t(y) = 1085*y - 31453. Give t(29).
12
Let x(k) = 14*k**2 + 305*k - 63. Give x(-22).
3
Let b(t) = -2*t**2 - 1317*t + 42751. Determine b(31).
2
Let n(g) = g**3 + 49*g**2 - 155*g - 2. Give n(3).
1
Let y(z) = z**3 - 8*z**2 + 51*z - 225. Determine y(6).
9
Let p(j) = 7*j**2 - 797*j - 1600. What is p(-2)?
22
Let f(t) = 132*t - 68. Calculate f(5).
592
Let g(q) = q**3 + 72*q**2 + 134*q - 457. What is g(-70)?
-37
Let w(r) = 2*r**2 + 24*r + 61. Give w(-15).
151
Let b(u) = -1312*u + 28846. What is b(22)?
-18
Let x(r) = 71*r - 494. Calculate x(7).
3
Let v(m) = -m**3 - 11*m**2 - 21*m + 1. Determine v(-3).
-8
Let z(n) = 3*n**2 + 7*n - 166. What is z(-9)?
14
Let n(t) = -t**3 + 4*t**2 - 2*t. Calculate n(4).
-8
Let n(k) = 3*k**3 - 84*k - 331. Calculate n(-4).
-187
Let x(p) = -p**3 - 53*p**2 + 26*p + 1376. Give x(-53).
-2
Let w(r) = 51*r + 1799. Determine w(-35).
14
Let t(f) = 3*f**2 - 71*f - 252. Give t(27).
18
Let t(x) = 4*x**3 - 16*x**2 - 128*x + 769. Determine t(6).
289
Let k(s) = -25*s**3 + 7824*s**2 + 320*s - 2198. Give k(313).
-7
Let k(r) = 2*r**2 - 155*r + 2171. What is k(59)?
-12
Let w(d) = -d**3 + 12*d**2 - 8*d + 2